*2 + f. Let w(p) = p**3 - 5*p**2 + 6*p - 6. Let m be w(4). Give z(m).
-2
Let v(h) = h**2 - 10*h - 1. Let s be v(10). Let c(f) = -8*f**2 - f - f**2 - 6*f**2. What is c(s)?
-14
Let j(u) = u + 8. Let q(c) = c + 5. Let g(d) = -2*j(d) + 5*q(d). Let s(w) = -5*w - 1. Let v be s(1). Give g(v).
-9
Suppose 0 = -2*p + 4*f + 2, 0*p - 4*p - 40 = 3*f. Let i(v) = -v - 1. Give i(p).
6
Suppose 11 = -3*l - 1. Let a(q) = q**3 + 5*q**2 + 5*q. Calculate a(l).
-4
Let l(x) be the third derivative of x**6/120 + x**5/30 + x**3/3 + 23*x**2. Determine l(-2).
2
Let y = 51 + -56. Let u(b) = -2 + b + 2. Give u(y).
-5
Let c(b) = 2*b - b - 2*b. What is c(4)?
-4
Let f(i) = -i**3 - 6*i**2 - 3*i - 8. Suppose 2*q + 22 = 10. What is f(q)?
10
Let p(r) be the second derivative of r**3/2 + 7*r**2/2 - 5*r. Give p(-5).
-8
Suppose 12 + 3 = 5*r. Let f(o) = -o - r*o + 5*o - 1. Determine f(4).
3
Let g = -26/3 + 9. Let n(w) be the first derivative of 2 + 2*w - 3/2*w**2 + g*w**3. Give n(3).
2
Let l(p) = -p + 5. Let q = -3 - 3. Let g(u) = u**3 + 5*u**2 - 7*u - 1. Let f be g(q). What is l(f)?
0
Let d = -2 + 4. Let z be 0 + -1 + 2 - -2. Let t(l) = -1 - 4*l + z - 5 + l**d + 3*l. Determine t(3).
3
Let w(v) = 5 + 2*v**2 - 4 - 2*v - 7*v**2 + 4*v. Calculate w(-1).
-6
Let i(f) = 3*f - 1. Let t be 5 + 3/(0 + 3). Determine i(t).
17
Suppose -4*u = 3*x + 6, x + 1 = -5*u + 4*u. Let a(w) = 11*w - 2. Determine a(x).
20
Let c(v) = 2*v**2 + 5*v - 4*v - 38*v**3 + 33*v**3. Suppose 2*w + 4 = 4*w. Let q = w - 3. Determine c(q).
6
Let x(q) = -q**2 + 6*q - 1. Suppose -2*g = 2*v - 0 - 24, 4*g = 5*v - 51. Suppose -17 = -j - v. Determine x(j).
-1
Let f(m) = -m**3 + m**2 - 3*m - 8. Let u(y) = y**3 + y**2 + 1. Let a(o) = f(o) + 2*u(o). Determine a(-4).
-10
Let h(a) be the third derivative of -a**7/840 + a**6/120 + a**5/60 - a**4/8 - a**3/2 - a**2. Let l(x) be the first derivative of h(x). Calculate l(3).
3
Let s be (4/8)/((-2)/(-12)). Let l(b) = -7 - b**2 - 15 + 21 + 3*b. Calculate l(s).
-1
Let i = 11 - 7. Suppose a = -5*c + i*a - 5, -14 = -2*c - 2*a. Let j(u) be the first derivative of u**3 - 2*u**2 + 3*u - 1. What is j(c)?
7
Let d = -13 + 20. Let y(u) = 1 - 3*u + u**2 - 3*u**3 + d*u - 2*u + 11*u**3. What is y(-1)?
-8
Let q(j) = -2*j - 4. Let t(r) = -2*r - 5. Let x(p) = -6*q(p) + 5*t(p). Let n be (-2 + 2 - -3) + -7. What is x(n)?
-9
Let c(s) = -s - 1. Let z = 9 + -15. What is c(z)?
5
Let a(s) = s + 5. Let f be a(0). Let i be (-3 + 1)/(4 - 2). Let z(y) = 1. Let u(p) = 2*p - 13. Let d(j) = i*u(j) - 6*z(j). Determine d(f).
-3
Suppose 4*p - 17 - 7 = 0. Suppose 0 = -p*y + y + 10. Let a(g) = -7*g - 1 - 3 + g**y + 3*g + 7. Determine a(4).
3
Let p(k) be the first derivative of 3*k**2/2 - 2*k + 26. Calculate p(2).
4
Let w(f) = f + 1. Let p(l) = l**3 + 2*l**2 - l - 2. Suppose 0*q = 2*q + 4. Let s be p(q). Determine w(s).
1
Suppose 0 = 2*c - 1 - 3. Suppose 6*m + 3 = 3*m - 4*y, -3 = 3*m - c*y. Let p(l) = -4*l + 1. What is p(m)?
5
Let x(p) = -4 + 5*p + 1 - 6*p - 7. Determine x(-7).
-3
Let v(j) = j**2 + 5*j - 2. Suppose a - 5 = 7*b - 3*b, -3*a - 5*b - 19 = 0. Let u = 2 - 0. Let k be (-1)/((-2)/(a*u)). What is v(k)?
-8
Suppose 4*n - 2*f = 26, 4*n + f = 5*n - 8. Suppose -n = -3*p - 0*z - 2*z, p - 2*z - 7 = 0. Let g(u) = -u**2 + 5*u - 2. Give g(p).
4
Let m(t) = 7*t - 2. Let u(c) = -1. Let j(g) = -m(g) + 2*u(g). Suppose 3*a - 12 = 7*a. Let z = -2 - a. What is j(z)?
-7
Let w(m) = 29*m - 5 - 19*m + 4. Suppose 0 = -3*s + 4*s + 2*p + 10, -3*s - 15 = 3*p. Suppose 4*y = k + 3, 0 = k - s*y + 2*y - 3. Give w(k).
9
Let j(c) = -c**3 - 2. Let z = 2 - -4. Let l = z + -1. Let s = l - 5. Determine j(s).
-2
Let l(o) = 3*o + 5. Suppose -2*u + 3*y = 5*y + 8, 0 = 2*u + 4*y + 8. Give l(u).
-7
Let m(z) = z**2 - 12*z + 6. Let n(f) = -12*f + 12. Let l be n(0). What is m(l)?
6
Let y(s) = -s**2 + 145 - 145 + 3*s. Calculate y(2).
2
Let k(l) = -2*l**2 + 0*l + 3*l**2 + l. Let n = -9 - -11. Suppose 0 = 5*u + 4*j - 11, u + 3 = n*j - 6. What is k(u)?
0
Let z be -16 + 3 + (-5 - 2). Let p = 20 + z. Let t(b) = -b**2 + 9. Give t(p).
9
Let m(o) = -6*o**2 - 10*o - 3. Let r(u) be the second derivative of 5*u**4/12 + 3*u**3/2 + u**2 - u. Let z(f) = 4*m(f) + 5*r(f). Calculate z(-6).
4
Let j(g) = 4*g**2 + 9*g - 9. Let b(w) be the first derivative of 5*w**3/3 + 5*w**2 - 10*w - 6. Let t(y) = 5*b(y) - 6*j(y). Give t(3).
1
Let q(d) = -d**3 - 16*d**2 - d - 20. Let r be q(-16). Let m(t) = t**3 + 3*t**2 - t + 5. What is m(r)?
-7
Let w(r) be the third derivative of r**6/120 + r**5/30 - r**4/12 + r**3/2 + r**2. Let y(h) = 0*h - 4*h + 2*h + 4 - 1. Let l be y(3). What is w(l)?
0
Suppose 15 = -5*z - 5*g, 12 = -3*z - g + 1. Let l(d) = 20*d + 26. Suppose 0 = -5*f - 48 - 7. Let h(t) = 7*t + 9. Let s(q) = f*h(q) + 4*l(q). What is s(z)?
-7
Let x(n) be the second derivative of n**3/3 - 3*n**2/2 + n. Let l(i) = i + 3. Let y be l(0). Determine x(y).
3
Let z(g) = 3*g**3. Let h be z(-1). Let a(v) = v**3 + 3*v**2 - 3. What is a(h)?
-3
Let i(j) be the second derivative of -j**4/4 - j**3/3 + j**2 + 8*j. Determine i(-2).
-6
Let y(k) be the first derivative of k**4/4 + k**3 - 3*k**2/2 + 5*k - 2. Calculate y(-4).
1
Let y(d) = 2*d**2 + 3*d. Let z = -28 - -26. Determine y(z).
2
Let f(n) be the first derivative of -n**2/2 - 2*n - 1. Let p(w) = -w**3 + 2*w**2 + w + 2. Let t be p(2). Suppose -25 = -r - t*r. Give f(r).
-7
Let u(f) = -3*f - 7. Let p be u(-5). Let a be ((-10)/p)/((-5)/(-20)). Let d(x) = x**3 + 5*x**2 - x - 2. Calculate d(a).
3
Let i(a) = -4*a - 4. Let c(t) = t. Let w = 18 + -13. Suppose 3*s = 6, s - 27 = -w*j - 0*s. Let p(m) = j*c(m) + i(m). Give p(4).
0
Let d(y) = -y + 5. Let z(a) = -a**2 + 2*a + 1. Let p be z(4). Let x = p + 13. Suppose 0 = -n + x*n. Determine d(n).
5
Suppose -f + 3*m + 24 = -0*m, 3*f + 5*m = 16. Let b = 16 - f. Let v(s) be the second derivative of -s**3/6 - s**2 - s. Determine v(b).
-6
Let f(b) = -b**2 + b + 3. Let q be f(3). Let u = -20 - -21. Let z = u - q. Let w(a) = -a**3 + 4*a**2 - a - 1. Determine w(z).
-5
Let s(f) be the third derivative of -f**4/8 - f**3/3 + 36*f**2. Let w = -5 - -7. What is s(w)?
-8
Let u be -4 - -4 - (-3 - -9). Let f(s) = 4*s**2 - 3*s - 14. Let j(o) = -5*o**2 + 2*o + 15. Let x(t) = 6*f(t) + 5*j(t). Determine x(u).
3
Let r(o) be the second derivative of o**3/6 - o**2 - o. Let y be r(-4). Let t(x) = x + 2. What is t(y)?
-4
Let b = 4 + 1. Let k(s) = -2*s**3 + 12*s**2 - s - 16. Let u(l) = l**3 - 6*l**2 + l + 7. Let c(p) = -4*k(p) - 9*u(p). Determine c(b).
1
Suppose -w = 1 - 5. Suppose -4*v - 24 = -w. Let y(g) be the first derivative of g**2 + 7*g + 5. What is y(v)?
-3
Let i(n) be the third derivative of n**6/120 + n**5/20 - n**4/12 - n**3/2 + n**2. Let r be 306/(-85)*(-4 - 1). Let v = r + -21. Give i(v).
3
Let t(v) = v + 1 - 2*v + 2. Calculate t(5).
-2
Suppose -7 = -3*i - z - 3*z, i + 3*z = 4. Let g(m) = -11*m. Give g(i).
-11
Let n = 29 + -32. Let z(s) = -s**2 - s - 2 - 2*s + 1 + 0. Calculate z(n).
-1
Let x(k) = -4*k - 9 + 3*k + 5*k - 5*k. Calculate x(-7).
-2
Let w = -9 + 13. Let x(g) = -2 + 0 - g**2 + w + 4*g. Give x(6).
-10
Let u(h) = -h**2 - 3*h. Let c be ((-57)/(-12))/(1/4). Suppose -x - y = 4*y + c, -x - 2*y = 10. Calculate u(x).
-4
Let d(s) = -5*s**2 + 8*s + 5. Let p(q) = -q + 2*q**2 + 3*q**2 - 4*q**2. Let c(i) = -d(i) - 4*p(i). Suppose 0*w - w + 5 = 0. Give c(w).
0
Suppose -9 = -4*t + 3. Let j(d) = -5*d - 2*d**t + 3*d**3 - 4*d**2 + 0*d**3. Let z = -2 - -7. Determine j(z).
0
Let j(o) = o**3 + 6*o**2 + 4*o + 1. Let i be j(-5). Let k be i/(-2) - (-12 + -1). Suppose 0*h + 2*h = -k. Let l(r) = -r**2 - 5*r - 2. Calculate l(h).
-2
Suppose 0*m = 5*m - y + 18, -5*m = 3*y + 6. Let c(b) be the third derivative of 2/3*b**3 + 0*b + 0 + 1/120*b**6 + 3*b**2 + 1/60*b**5 - 1/8*b**4. What is c(m)?
-5
Let h(p) = p + 6. Let m be h(-6). Suppose 4*x - 5 - 3 = m. Let u(t) = 4*t**2 - 3*t + 1. What is u(x)?
11
Let x(p) = p. Let q be (-3)/6*(-2)/(-1). Let o(j) = j**2 - 7*j + 9. Let r(c) = q*x(c) + o(c). Calculate r(6).
-3
Suppose -x + 1 = -j, -5*j + 2 = 5*x - 3. Let m(f) = -4*f - x + 5*f - 1 - 3. Determine m(4).
-1
Let x(l) be the second derivative of 0 + 1/60*l**5 + 1/12*l**4 + 3*l + 0*l**2 - 1/3*l**3. Let n(b) be the second derivative of x(b). Give n(-5).
-8
Let d = 2 - 6. Let s(l) = l**2 + 2*l + 6. What is s(d)?
14
Let o(q) = -q. Let g be o(-2). Let t(w) = -w**2